sands digit of 8618?
8
What is the ten thousands digit of 123014?
2
What is the tens digit of 630?
3
What is the tens digit of 369?
6
What is the ten thousands digit of 15692?
1
What is the units digit of 202?
2
What is the hundreds digit of 134?
1
What is the units digit of 1031?
1
What is the tens digit of 2204?
0
What is the thousands digit of 8643?
8
What is the hundreds digit of 3792?
7
What is the thousands digit of 6083?
6
What is the hundreds digit of 1250?
2
What is the tens digit of 10059?
5
What is the thousands digit of 6510?
6
What is the thousands digit of 24218?
4
What is the hundreds digit of 57714?
7
What is the tens digit of 1151?
5
What is the units digit of 31?
1
What is the hundreds digit of 22356?
3
What is the units digit of 7732?
2
What is the tens digit of 1223?
2
What is the hundreds digit of 462?
4
What is the hundreds digit of 1496?
4
What is the thousands digit of 53947?
3
What is the hundreds digit of 48721?
7
What is the hundreds digit of 22790?
7
What is the tens digit of 206?
0
What is the units digit of 21776?
6
What is the units digit of 2365?
5
What is the tens digit of 881?
8
What is the units digit of 7886?
6
What is the tens digit of 20879?
7
What is the thousands digit of 92356?
2
What is the units digit of 1703?
3
What is the tens digit of 12704?
0
What is the hundreds digit of 73377?
3
What is the hundreds digit of 1719?
7
What is the tens digit of 1307?
0
What is the tens digit of 92013?
1
What is the units digit of 3975?
5
What is the tens digit of 8680?
8
What is the hundreds digit of 618?
6
What is the units digit of 5035?
5
What is the ten thousands digit of 93606?
9
What is the tens digit of 4162?
6
What is the tens digit of 202?
0
What is the tens digit of 5949?
4
What is the units digit of 77853?
3
What is the thousands digit of 15800?
5
What is the units digit of 8383?
3
What is the thousands digit of 1092?
1
What is the hundreds digit of 32438?
4
What is the hundreds digit of 3320?
3
What is the tens digit of 1866?
6
What is the units digit of 22267?
7
What is the tens digit of 479?
7
What is the units digit of 502?
2
What is the hundreds digit of 1851?
8
What is the units digit of 112625?
5
What is the tens digit of 531?
3
What is the hundred thousands digit of 116831?
1
What is the thousands digit of 25384?
5
What is the tens digit of 4636?
3
What is the units digit of 4759?
9
What is the units digit of 227?
7
What is the hundreds digit of 175?
1
What is the tens digit of 691?
9
What is the tens digit of 3216?
1
What is the hundreds digit of 19310?
3
What is the units digit of 5938?
8
What is the tens digit of 9791?
9
What is the thousands digit of 64778?
4
What is the units digit of 90?
0
What is the units digit of 1242?
2
What is the tens digit of 684?
8
What is the units digit of 9783?
3
What is the hundreds digit of 51003?
0
What is the hundreds digit of 8194?
1
What is the units digit of 9407?
7
What is the units digit of 10531?
1
What is the hundreds digit of 1410?
4
What is the ten thousands digit of 49683?
4
What is the ten thousands digit of 10205?
1
What is the thousands digit of 5668?
5
What is the tens digit of 35506?
0
What is the hundreds digit of 622?
6
What is the hundred thousands digit of 153619?
1
What is the tens digit of 93899?
9
What is the ten thousands digit of 16930?
1
What is the tens digit of 2380?
8
What is the units digit of 103033?
3
What is the tens digit of 3164?
6
What is the units digit of 83247?
7
What is the units digit of 1366?
6
What is the tens digit of 15?
1
What is the thousands digit of 1618?
1
What is the units digit of 6088?
8
What is the thousands digit of 32452?
2
What is the units digit of 7105?
5
What is the hundreds digit of 4375?
3
What is the units digit of 8336?
6
What is the ten thousands digit of 19105?
1
What is the units digit of 18012?
2
What is the units digit of 1246?
6
What is the ten thousands digit of 13514?
1
What is the hundreds digit of 979?
9
What is the tens digit of 54979?
7
What is the thousands digit of 38274?
8
What is the thousands digit of 6034?
6
What is the tens digit of 2923?
2
What is the tens digit of 13069?
6
What is the ten thousands digit of 12819?
1
What is the hundreds digit of 26852?
8
What is the units digit of 174?
4
What is the ten thousands digit of 98491?
9
What is the hundreds digit of 997?
9
What is the units digit of 2390?
0
What is the thousands digit of 1175?
1
What is the tens digit of 2060?
6
What is the hundreds digit of 1182?
1
What is the units digit of 1244?
4
What is the hundreds digit of 2136?
1
What is the units digit of 91542?
2
What is the thousands digit of 46003?
6
What is the hundreds digit of 106?
1
What is the ten thousands digit of 63049?
6
What is the thousands digit of 12099?
2
What is the tens digit of 2075?
7
What is the units digit of 39283?
3
What is the thousands digit of 2816?
2
What is the units digit of 199?
9
What is the units digit of 86458?
8
What is the ten thousands digit of 36755?
3
What is the tens digit of 124680?
8
What is the tens digit of 2770?
7
What is the tens digit of 40?
4
What is the tens digit of 766?
6
What is the tens digit of 172243?
4
What is the thousands digit of 32244?
2
What is the units digit of 354?
4
What is the ten thousands digit of 35445?
3
What is the units digit of 5899?
9
What is the tens digit of 122149?
4
What is the ten thousands digit of 61418?
6
What is the units digit of 2747?
7
What is the units digit of 5576?
6
What is the thousands digit of 6930?
6
What is the units digit of 96?
6
What is the tens digit of 5675?
7
What is the thousands digit of 1249?
1
What is the hundreds digit of 11532?
5
What is the hundreds digit of 34000?
0
What is the hundreds digit of 85518?
5
What is the tens digit of 954?
5
What is the units digit of 26482?
2
What is the units digit of 647?
7
What is the ten thousands digit of 15093?
1
What is the units digit of 14518?
8
What is the thousands digit of 70139?
0
What is the hundreds digit of 4126?
1
What is the hundreds digit of 43143?
1
What is the tens digit of 4766?
6
What is the thousands digit of 1562?
1
What is the hundreds digit of 505?
5
What is the units digit of 116?
6
What is the tens digit of 1760?
6
What is the units digit of 14804?
4
What is the hundreds digit of 9714?
7
What is the thousands digit of 1928?
1
What is the hundreds digit of 926?
9
What is the thousands digit of 6333?
6
What is the tens digit of 421?
2
What is the tens digit of 269?
6
What is the hundreds digit of 886?
8
What is the hundreds digit of 10088?
0
What is the units digit of 4457?
7
What is the thousands digit of 2552?
2
What is the tens digit of 18158?
5
What is the units digit of 2209?
9
What is the units digit of 359?
9
What is the units digit of 147?
7
What is the thousands digit of 20966?
0
What is the ten thousands digit of 18835?
1
What is the thousands digit of 4995?
4
What is the thousands digit of 7944?
7
What is the tens digit of 65346?
4
What is the thousands digit of 5152?
5
What is the hundreds digit of 237?
2
What is the ten thousands digit of 12707?
1
What is the tens digit of 70038?
3
What is the units digit of 473?
3
What is the hundreds digit of 14565?
5
What is the tens digit of 820?
2
What is the tens digit of 3206?
0
What is the units digit of 346?
6
What is the ten thousands digit of 13050?
1
What is the units digit of 11965?
5
What is the ten thousands digit of 35171?
3
What is the units digit of 6340?
0
What is the units digit of 35394?
4
What is the thousands digit of 28253?
8
What is the tens digit of 365?
6
What is the hundreds digit of 8431?
4
What is the hundreds digit of 1127?
1
What is the tens digit of 79?
7
What is the tens digit of 293?
9
What is the units digit of 9?
9
What is the hundreds digit of 77432?
4
What is the tens digit of 984?
8
What is the hundreds digit of 3139?
1
What is the thousands digit of 3877?
3
What is the hundreds digit of 13910?
9
What is the units digit of 459?
9
What is the units digit of 507?
7
What is the hundreds digit of 938?
9
What is the units digit of 5204?
4
What is the thousands digit of 1055?
1
What is the thousands digit of 11324?
1
What is the units digit of 64233?
3
What is the tens digit of 139?
3
What is the hundreds digit of 11262?
2
Wh